e (-189)/y - (-1)/8. What is the greatest common factor of c and 8?
8
Suppose -9503*i + 9493*i + 640 = 0. Calculate the greatest common factor of i and 1744.
16
Let z(x) = x**3 + 29*x**2 + 5. Let d be z(-29). Let m(u) = -u - 2*u - 12 + 35. Let s be m(d). What is the highest common factor of s and 8?
8
Suppose 3*t + 33 = 183. Suppose -14*a - 6150 = -39*a - 16*a. What is the greatest common factor of a and t?
50
Let d = 2124 - 2049. Calculate the highest common divisor of 6510 and d.
15
Suppose -4*o = o + h - 11, o + 3*h + 9 = 0. Suppose -5*z - 116 = 259. Let w = o - z. Calculate the greatest common divisor of 117 and w.
39
Let y = 433 + -67. What is the greatest common divisor of 48 and y?
6
Let f(c) = -c**3 - 10*c**2 - 41*c - 39. Let l be f(-5). Calculate the highest common divisor of 9 and l.
1
Suppose -18*b = -22*b + 404. Let y = b + -80. Suppose 7*r = 11*r - 756. Calculate the highest common factor of y and r.
21
Suppose -4*g + 5*s = 3*s + 144, -3*g = -3*s + 105. Let u = g - -52. Suppose -237*w = -239*w + 120. Calculate the highest common divisor of w and u.
15
Let p be ((-6)/4)/((-2)/372). Let l be (10/6)/(-13*(-30)/36270). What is the highest common factor of l and p?
31
Suppose -4*k - 2*b + 18 = 0, 3*b + 13 = -k - b. Let n = 401 + -394. What is the greatest common factor of k and n?
7
Let r be (-2)/(-8)*-2*-290. Suppose 44*d = 1864 + 116. Let p be (399/15 - -2) + 18/d. Calculate the highest common divisor of r and p.
29
Let u be ((-4)/(-6) - -2)/(4/54). Suppose 5*s - s - 3*z = 89, -s + u = 2*z. What is the greatest common divisor of s and 130?
26
Let h(p) = -21*p**2 - 370*p + 59. Let g be h(-17). What is the greatest common divisor of 45 and g?
5
Let f(h) = 5*h - 10. Let c be f(9). Suppose -26 = z + 67. Let d = -58 - z. What is the highest common factor of d and c?
35
Suppose 5*f - 82320 = -4*o, 135*f - 82296 = -4*o + 136*f. Calculate the highest common factor of 25 and o.
25
Let a(y) = y**3 - 89*y**2 - 272*y. Let h be a(92). What is the greatest common divisor of 448 and h?
16
Let h = -138 + 164. Calculate the highest common divisor of 182 and h.
26
Let u be 81*(-3 - (-13)/3). Let l be (-79)/(-7) + (-455)/(-637). What is the greatest common divisor of u and l?
12
Let g(z) = -19*z + 125. Let w(l) = 39*l - 253. Let a(d) = -13*g(d) - 6*w(d). Let v be a(9). Calculate the highest common factor of v and 10.
10
Suppose -6*j = -0*j - 11*j. Let f be j + 205/5 + 1 + 2. Suppose -6*k + 110 = -k. What is the highest common factor of k and f?
22
Let a = -639 - -694. Suppose -60*g = -a*g - 375. What is the greatest common factor of 9 and g?
3
Suppose 0 = -2*c - 5*a + 536, -540 = -2*c - 23*a + 19*a. Calculate the highest common factor of c and 139.
139
Let i = 5928 + -5891. Calculate the highest common factor of i and 19.
1
Suppose -1344*i + 677*i + 686*i - 3952 = 0. Calculate the highest common divisor of i and 1152.
16
Suppose 35*s + 12 + 34 = 326. Suppose 5*z = 5*m + 770, 4*m = 2*z + 7*m - 298. What is the highest common divisor of s and z?
8
Suppose 1027*s - 1036*s + 2565 = 0. What is the highest common divisor of s and 2755?
95
Suppose 3*j - 4*n + 55 - 183 = 0, j + 3*n - 47 = 0. Calculate the highest common divisor of 1804 and j.
44
Suppose -342*p + 363*p = 8190. Calculate the highest common factor of p and 1326.
78
Suppose -9615 = -t - 2*o, 4*t + 23*o - 38408 = 28*o. Calculate the highest common divisor of t and 26.
13
Let k(p) be the first derivative of -5*p**3/3 + 41*p**2/2 - 4*p + 101. Let h be k(8). What is the highest common divisor of h and 18?
2
Let l(n) = -n**3 + 56*n**2 + 87*n - 70. Let c be l(57). Calculate the highest common factor of c and 50.
10
Let c = 17538 + -17516. Suppose q + 4075 = 5*l, 0 = -3*l - 5*q - 739 + 3156. What is the highest common factor of c and l?
22
Suppose 0 = -6*f + 2*f + 120. Let z(g) = 185*g + 7150. Let c be z(-38). Calculate the greatest common divisor of f and c.
30
Let f = 8387 + -8379. Suppose 4 = -2*m + 6. Let s be (16/6)/m*6. Calculate the greatest common factor of f and s.
8
Suppose -3*u = -4*d + 1049, 2*u + 1378 = -2*u - 5*d. Let r = u - -374. What is the highest common factor of r and 18?
9
Suppose 11*z = 19*z - 1456. Let h = z - 94. What is the greatest common divisor of h and 66?
22
Suppose 16 = -3*b - o, 2*o - 7 = b + 3. Let i be (b/24)/(9/132)*-129. What is the greatest common factor of 11 and i?
11
Suppose -s - 132 = -5*s. Let a = 14 + 53. Let o = 100 - a. What is the greatest common divisor of s and o?
33
Let z(l) = 5*l + 13. Let t be z(-9). Let h = t + 34. Let a be (h/(2/(-1)))/(3/(-15)). Calculate the greatest common factor of a and 2.
1
Let w be 2057 - ((-60)/(-45))/((-24)/(-90)). Calculate the highest common factor of w and 96.
12
Let c(g) = -2*g**2 - 830*g**3 + 2 - 5 - 285*g**3 + 4. Let n be c(1). Let y = -792 - n. What is the greatest common factor of 12 and y?
12
Let s be 5*(3 + 12/(-30)). Let a be (s - 14) + 8*2. Suppose 0 = -4*o - 4*h - 1 + 45, 3*h = -o + 21. Calculate the greatest common factor of a and o.
3
Suppose -67348 = -3*n - 4*l, 30257 + 14637 = 2*n + 2*l. Calculate the greatest common factor of 40 and n.
40
Suppose 2*p - 6*z = -3*z + 16, 0 = 5*p - 4*z - 47. Let d = 16634 + -16117. Calculate the greatest common factor of d and p.
11
Suppose -2*s + 618 = -2*n, -14*s - 951 = -17*s - n. What is the greatest common divisor of s and 180?
45
Let t be (1 - 10)/((-2)/2). Suppose 2362*y - 419 = 2317*y + 256. Calculate the highest common factor of t and y.
3
Let h be 16/((-9)/2 - -4). Let d = -64 - h. Let z be (-6)/(-4)*d/(-6) + 0. What is the highest common factor of z and 32?
8
Suppose -23*r + 680 = -18*r + 4*b, -2*r + b + 272 = 0. What is the highest common factor of 148 and r?
4
Suppose -15*w - 4*g = -12*w - 25977, 4*w - 3*g = 34686. What is the highest common divisor of w and 27?
27
Suppose 7*l - 80 = 3*l. Let m be (30/5)/(50/28 - 32/112). What is the greatest common factor of m and l?
4
Let z = 5275 - 4951. Calculate the highest common factor of z and 3.
3
Let g(h) = -h**3 - 17*h**2 + h + 23. Let z be g(-17). Let b(q) = q**2 - 31*q - 96. Let c be b(34). Calculate the greatest common factor of z and c.
6
Let m be 15*(-30)/54 + (-2)/3. Let d be m + 3 + (5 - -4). Suppose -2*b + f - 13 = -3*b, 3*b - 38 = -2*f. Calculate the highest common divisor of b and d.
3
Suppose -297*u + 1206752 = -1027568 - 625790. What is the highest common factor of u and 107?
107
Suppose 44*t - j = 43*t + 25, 0 = 3*t + 2*j - 65. Let d(o) = 4*o - 77. Let c be d(t). Calculate the highest common factor of 375 and c.
15
Suppose 71*q + 3040 = 17382. Suppose -50 = -42*l + q. What is the highest common factor of l and 50?
2
Suppose -10*h + 615 = -5*l, 88*l - 276 = -4*h + 92*l. Let s(v) = -v**2 + v + 102. Let q be s(0). Calculate the greatest common factor of q and h.
6
Let k(o) = 17*o**2 + 40*o - 85. Let h be k(15). What is the greatest common factor of 210 and h?
70
Let r = 1798 + -1705. What is the greatest common factor of 2325 and r?
93
Let w = 450 - 176. Let g = w + -226. Calculate the highest common divisor of g and 24.
24
Suppose 2*a - u = -1, 4*a - 5*u = 8*a - 33. Let z(i) = 16*i + 4. Let b be z(a). Calculate the highest common factor of b and 8.
4
Suppose 22*m + 315 = 7*m. Let q = 601 + m. Calculate the highest common divisor of 20 and q.
20
Suppose -712 - 4 = -2*p. Suppose -p*f + 31 = -357*f. What is the highest common factor of f and 527?
31
Let a = 5 + 1. Let d be 147/a + (-1)/2. Let n = -1350070 + 1350238. What is the greatest common divisor of d and n?
24
Suppose 0 = -5*v + 5*l + 145, 2*v - 7*v + 135 = -3*l. Suppose 3*c - 28 = -11*c. Let x be 3/c*(20 - 10 - 6). What is the greatest common factor of x and v?
6
Let g = -9 + -87. Let w be ((-1)/2)/((-1)/g*-2). Let q be 81 - (-12)/(-1 - 3)*-1. What is the highest common factor of q and w?
12
Suppose 7*g - 1234 = -303. Suppose 7 - 1 = -2*a - 5*x, -5*x = 5*a. Suppose 3*n = -2*n + a*w + 91, 5*n - 93 = w. Calculate the highest common divisor of g and n.
19
Suppose -d - 1 = -3*t + t, -3*t + 2 = -d. Let j be (d - (-41)/3)*3. Suppose 98 + 67 = 15*r. What is the highest common divisor of j and r?
11
Let r = -46 - -49. Suppose -a = -7 + 10, 3*t - r*a = 84. What is the greatest common factor of t and 5?
5
Let i be (8255/(-13) + 8)*(-2)/6*1. Calculate the greates